215000309 a composite number?
True
Is 263267663 a prime number?
True
Is 648565579 a prime number?
True
Is 6815157449 prime?
False
Is 19217285863 composite?
False
Is 90446929 prime?
True
Is 140126036293 prime?
True
Is 6211896863 a composite number?
True
Is 1708118599 composite?
True
Is 1450437271 a prime number?
True
Is 9743792083 a prime number?
True
Is 1990106083 prime?
False
Is 185072576677 a prime number?
False
Is 2004527555 prime?
False
Is 544533051 a composite number?
True
Is 2468177069 a prime number?
True
Is 794002259 prime?
False
Is 4417244959 composite?
False
Is 536657231 a composite number?
True
Is 274330367 a prime number?
True
Is 10871613667 a composite number?
True
Is 3478884133 composite?
True
Is 11960206253 composite?
True
Is 34093477313 composite?
True
Is 4781581681 a prime number?
False
Is 2216522753 a prime number?
True
Is 832080749 prime?
True
Is 1029641507 a composite number?
False
Is 15923089349 a composite number?
True
Is 155627542327 a composite number?
False
Is 204316751881 composite?
True
Is 6456954437 a prime number?
False
Is 13927903799 prime?
False
Is 5475696623 a composite number?
False
Is 879601973 composite?
False
Is 311370791 prime?
True
Is 6753531481 composite?
False
Is 1662212785 prime?
False
Is 51621930947 prime?
False
Is 65553082871 a composite number?
False
Is 1951876919 a composite number?
False
Is 2915188349 prime?
True
Is 30777131849 composite?
True
Is 40340772061 prime?
True
Is 888539871 a composite number?
True
Is 2306116347 composite?
True
Is 504086647 composite?
False
Is 23172811 prime?
True
Is 5742292805 prime?
False
Is 9815542441 prime?
True
Is 50791687327 a prime number?
True
Is 11929997813 composite?
True
Is 1047735827 prime?
True
Is 22423435211 a prime number?
True
Is 609931381 prime?
False
Is 739142441 a prime number?
True
Is 135470443 a composite number?
False
Is 795977557 prime?
True
Is 2644398941 a prime number?
False
Is 2291717 composite?
False
Is 1103742931 a prime number?
True
Is 8555481073 prime?
True
Is 47734289 prime?
False
Is 2992611767 composite?
False
Is 157559061313 a composite number?
True
Is 22697284901 composite?
True
Is 10714194079 composite?
False
Is 8985197141 prime?
True
Is 33650920763 prime?
False
Is 13455699187 composite?
True
Is 205219173535 a composite number?
True
Is 1645442479 composite?
True
Is 77079860381 composite?
False
Is 849084587 a prime number?
False
Is 1352261219 a prime number?
True
Is 77203201 composite?
True
Is 2821582513 a composite number?
False
Is 219456740881 composite?
True
Is 7822330507 prime?
False
Is 846128189 composite?
False
Is 2283445079 a composite number?
False
Is 3243820513 a prime number?
False
Is 22011051827 composite?
True
Is 31580929231 composite?
True
Is 5039949953 a composite number?
False
Is 26359173901 prime?
True
Is 6145087547 a prime number?
True
Is 29333284333 composite?
True
Is 13647667543 composite?
True
Is 7079417 a composite number?
False
Is 62649019 a prime number?
False
Is 20385168789 prime?
False
Is 82158954979 composite?
False
Is 245730493 composite?
False
Is 460122667 composite?
False
Is 455437561 composite?
False
Is 1146578962 a prime number?
False
Is 25930829807 prime?
True
Is 338178565 a composite number?
True
Is 1538866361 prime?
True
Is 225680618609 composite?
False
Is 1365580297 a composite number?
True
Is 7281433519 composite?
False
Is 5191147903 a composite number?
True
Is 1277980547 a composite number?
True
Is 126739082243 a composite number?
False
Is 8213199919 prime?
False
Is 5826217201 a composite number?
True
Is 17933931203 a composite number?
False
Is 1152545833405 composite?
True
Is 97931155697 composite?
False
Is 26067174647 a prime number?
False
Is 740651941 a prime number?
False
Is 5579190013 a prime number?
True
Is 3665359393 a prime number?
False
Is 972972229 composite?
False
Is 4369141289 prime?
True
Is 986667431 a composite number?
False
Is 8799224003 a composite number?
True
Is 3443464603 a prime number?
True
Is 1446570971 a prime number?
False
Is 5811510797 a composite number?
True
Is 18308483249 composite?
True
Is 230184293 composite?
True
Is 456470293 a composite number?
True
Is 31053373271 a composite number?
True
Is 568736866 a prime number?
False
Is 200770337281 a composite number?
False
Is 2459914661 composite?
False
Is 27870761 a prime number?
False
Is 61460565233 a prime number?
True
Is 26154009862 composite?
True
Is 1743948749 prime?
False
Is 387998071 prime?
True
Is 162149605483 a prime number?
True
Is 881022877 prime?
False
Is 3437232607 composite?
False
Is 321178778 a composite number?
True
Is 20424065887 a composite number?
False
Is 14864235637 a composite number?
True
Is 57099815059 prime?
False
Is 69658842467 a prime number?
False
Is 7317880546 a composite number?
True
Is 191981753 composite?
False
Is 14402406185 a composite number?
True
Is 83580398599 composite?
True
Is 1402714529 prime?
False
Is 427463623 prime?
False
Is 18073672511 a composite number?
False
Is 161384401 composite?
False
Is 2254017487 a prime number?
True
Is 146382384289 a prime number?
False
Is 734793523 a prime number?
False
Is 2721965921 composite?
True
Is 1321929151 composite?
True
Is 6916074161 a prime number?
True
Is 31306201 composite?
True
Is 10369572797 prime?
True
Is 12265272395 composite?
True
Is 12485919547 prime?
True
Is 1640926189 composite?
True
Is 825991157 a prime number?
False
Is 978270577 a prime number?
True
Is 24792097117 composite?
False
Is 1710282727 a prime number?
True
Is 211968836029 a composite number?
True
Is 1063242119 prime?
False
Is 4935219053 composite?
False
Is 488686259 a composite number?
True
Is 471152537 a prime number?
True
Is 6307976933 a prime number?
False
Is 149211697 composite?
False
Is 3054315371 a prime number?
True
Is 156777977 prime?
True
Is 15910817263 prime?
False
Is 1324226534 a prime number?
False
Is 479943017 a composite number?
True
Is 2214286133 prime?
True
Is 78209718983 composite?
True
Is 9961218851 a composite number?
False
Is 25156367183 prime?
False
Is 179796391 a composite number?
True
Is 14088331319 a composite number?
False
Is 568792963009 a prime number?
True
Is 4982504473 a prime number?
True
Is 3014165513 prime?
True
Is 21168743 a prime number?
False
Is 1093313413 a prime number?
True
Is 11085109909 prime?
True
Is 1927486555 prime?
False
Is 11105336458 a composite number?
True
Is 92473255921 prime?
False
Is 14423732135 a prime number?
False
Is 33653477969 a composite number?
False
Is 560577583 a prime number?
False
Is 79898314541 prime?
True
Is 47127907 composite?
False
Is 243732110173 composite?
True
Is 3200449033 a composite number?
True
Is 133611474221 composite?
False
Is 282892099 a prime number?
False
Is 9750085405 prime?
False
Is 823037261 a composite number?
False
Is 1607304103 a prime number?
True
Is 423004987 a composite number?
False
Is 22710550481 a prime number?
True
Is 187954667 composite?
True
Is 3240983437 a composite number?
True
Is 180293662 composite?
True
Is 5869616671 a prime number?
True
Is 8585850445 a prime number?
False
Is 30680471 composite?
False
Is 74888500301 composite?
True
Is 9928558779 composite?
True
Is 28801385945 prime?
False
Is 7375547269 a prime number?
False
Is 1324282517 a prime number?
True
Is 6827666999 composite?
False
Is 49857301205 a prime number?
False
Is 1325959847 a composite number?
False
Is 76795675597 prime?
False
Is 176581721 a prime number?
True
Is 23901709493 a prime number?
False
Is 1505139731 a prime number?
True
Is 58840074431 a prime number?
True
Is 622704193 a composite number?
False
Is 10112634199 a composite number?
True
Is 1498165981 composite?
True
Is 1776245353 composite?
False
Is 7136496797 prime?
True
Is 5954070689 a composite number?
True
Is 511491049 a prime number?
False
Is 48379003507 prime?
False
Is 157772612719 composite?
True
Is 279731850097 prime?
False
Is 237828287 prime?
False
Is 27728025785 a composite number?
True
Is 25330174339 a prime number?
True
Is 11781101729 prime?
False
Is 520596829 a prime number?
False
Is 24874371163 composite?
False
Is 58706153483 prime?
True
Is 12266892713 composite?
True
Is 11134875221 composite?
False
Is 2203980413 composite?
False
Is 10534799 a prime number?
False
Is 23178589053 prime?
False
Is 7716530051 a prime number?
True
Is 2555940763 a c